 - 355) + (-2 - -22) - (-27 + -1).
25
What is the value of 3 - -1 - (42 + (-2 - (-9 + 4) - 7))?
-34
Calculate 11 + (-24 - -50) + (-2 + 8 - (3 + -4)).
44
17 - (51 - (3 + (-20 - 3)))
-54
(-141 - (45 - 86)) + 32
-68
Evaluate -170 + 139 - (16 - (64 - 17)).
0
What is the value of 7 - (455 + -450 - (2 + -1 - 22))?
-19
What is 48 + (80 + -103 - (-12 + -1) - -26)?
64
8 - (-34 + -60 + 93 + 1 + -14)
22
What is the value of 40 + -28 + 12 + 26?
50
What is the value of 6 - (4 - (7 + -3)) - (-5 + 4) - 10?
-3
Evaluate 32 + -52 + 20 + -30 + -9.
-39
Evaluate (6 - (-43 - -29)) + 44.
64
Evaluate -16 - (5 - (-27 + (-16 - -24))).
-40
Calculate 13 + 25 + -40 + 57.
55
What is (49 - 0) + -39 + -47?
-37
What is the value of -125 - (-43 + -19 + 8)?
-71
What is the value of (-29 - (-1 - -1)) + (-1478 - -1501) - (6 + -1)?
-11
What is 173 - 150 - (-1 + 20) - 59?
-55
Evaluate 11 - (-15 + (-27 - -62) + -14).
5
What is (17 - 17 - -9 - 24) + (-1 - 30)?
-46
What is 464 + -506 - (-13 - 45)?
16
What is the value of -35 - -16 - -8 - (35 + -84)?
38
Evaluate (-126 - -62 - -51) + (2 - -6).
-5
Evaluate -3 + -3 + (-59 - (-37 + -14)).
-14
1 - ((16 + -8 - 38) + 2 + -10 + 5)
34
What is the value of (-20 + 76 - 14) + -47?
-5
Evaluate -23 + 4 + (13 - 10 - 0 - -4).
-12
What is the value of -6 - -34 - 27 - -7?
8
What is -1 + 2 - -109 - (21 + 18 + -30)?
101
Calculate -942 - -895 - (-8 - -3 - (1 - 6)).
-47
(-42 - -20) + (-479 - -397)
-104
Evaluate (3788 - 3822) + 55 + 0.
21
Evaluate (-53 - 121 - -119) + 153.
98
Calculate 3 + 12 + 6 + -14 + (5 - -9 - 6).
15
What is 67 - (-38 + 48 + (-43 - -60))?
40
What is -1 + 0 + 8 + -3 + 34 + -60?
-22
What is the value of 6 + -1 + 50 + -126 + 127 - (2 - 4)?
58
Calculate (-60 - 15 - -69) + (-5 - -18).
7
(55 - -11) + 3 + -20 + -23
26
Evaluate 750 + -697 - (39 + 11).
3
What is the value of -4 + 9 + 26 + -13 + -20?
-2
What is the value of -14 + 1 + -22 - (2 + -9) - 0 - -7?
-21
Calculate (-33 - (28 + 12)) + 22 + -11.
-62
What is -96 + (11 - (-47 + 56))?
-94
What is the value of 12 - -6 - (-6 - (9 + (8 - 25)))?
16
Calculate -18 - (((-21 - -8) + 5 - 15) + -8).
13
What is -40 + 22 - (-8 - 2) - (0 + (1 - -8))?
-17
What is (0 + 3 + -19 - (-63 - 1)) + -3?
45
(-449 - -494) + (5 - 74)
-24
Calculate (-63 - (-8 + 4)) + (-114 - -155).
-18
What is the value of -87 - ((1 - 1) + 468 + -505)?
-50
-6 + -9 - ((24 - (17 - -44)) + -11)
33
Calculate -2 + (8 - (-3 - -10 - (-32 + -2))) + 3.
-32
What is (12 - 27) + 14 - (54 + 10) - -11?
-54
Calculate (12 - (-35 - -12)) + -18 + -2 + 7.
22
Calculate 36 + -3 + 23 + -16 - (-4 - -16).
28
12 + 168 + 93 + -188
85
What is the value of -1 + (38 - (23 + -20 + 1 + 6))?
27
What is the value of 33 - 9 - (-39 + 81)?
-18
Calculate -21 - ((-2 - (17 - -58)) + 8).
48
11 - 3 - -37 - (-8 - (24 + -29))
48
What is the value of 11 + 5 + 27 + (-10 - 1)?
32
What is the value of 9 + 9 + (10 + 1 + 0 - (-556 + 550))?
35
Evaluate -1 + -1 - (-40 - -1) - (10 + 26 - 29).
30
What is the value of (28 - (38 - 12)) + (-6 - 0)?
-4
What is 1157 + -1136 - (1 + (-2 - -22))?
0
Calculate -8 + -11 - (-24 + 24 - 43).
24
(-20 - -29) + 33 - -11
53
Evaluate -41 + 34 + (22 - 2) - 10.
3
9 - (-47 + -92) - 68
80
What is 31 + (-7 + -5 - (1 - -8 - (9 + 5)))?
24
What is the value of -23 + -5 + 36 + (115 - 36)?
87
What is the value of -100 + 180 + -71 + (2 - (1 + -5))?
15
Calculate (-109 + 47 - -62) + -12 + 1 + 72.
61
Calculate (-264 - -284) + (-97 - -2).
-75
Calculate -6 + (72 - 139 - -75) - (-1 + 1 + -13).
15
What is -1 + 4 - (82 - 119) - 13?
27
-26 + 15 + (-16 - (-8 + 5))
-24
15 + -22 + 24 + 6 + -1 + (-83 - 5)
-66
Evaluate (-21 - (-23 + -7)) + 30 - 7.
32
What is 83 - 176 - 37 - -39?
-91
What is the value of -37 + (17 + -9 - -41) + -20?
-8
What is -21 - (55 + -1 - (82 + -106))?
-99
Calculate -41 - -11 - -72 - (7 + -16 + 3).
48
What is the value of 40 + (-1 - (8 + 16))?
15
Evaluate 49 + -131 + 19 + -17.
-80
-49 + 74 - (46 - -18) - -106
67
(-19 - 1) + 52 + -25 + -27
-20
Calculate 7 + -22 + 11 + -8 + -1 - 51.
-64
Evaluate (-13 - 4 - -31) + -9 + (2 - 1 - 79).
-73
Calculate (7 + -6 - (-8 + -2)) + (61 - 73).
-1
Evaluate 7 + -26 + 13 + 0 + -9 - -3 - 83.
-95
What is -65 + (-388 - -428) - (-123 + 1)?
97
Calculate 19 + (2 + -1 + 1 + -1 - (-1451 + 1446)).
25
Calculate -5 + 7 + -7 + 4 - (2 + (4 - -3)).
-10
What is the value of (3 - -15) + (-4 + -3 - -6)?
17
-46 + (30 - 7) - (75 - 25)
-73
Calculate (0 - (-42 - -1)) + (9563 - 9535).
69
Calculate (6 - 12 - -22) + (14 - 1).
29
What is -39 + 107 + -43 - 28?
-3
Evaluate -16 + (-2 - 22) + (420 - 378) + 135.
137
What is -32 + (11 - (2 + 14) - 6) + -1?
-44
33 + (100 - -18) + 25 - 36
140
Evaluate (-13 - (9 + -4 + 132)) + (9 - 3).
-144
Calculate 1 + -2 + (382 + -369 - (0 - 47)).
59
Evaluate 25 + (6 + -11 + -7 + 6 - -14).
33
Calculate (-3 - 6 - 29) + (10 - ((15 - 2) + -7)).
-34
What is the value of -49 + 26 + -41 + 29?
-35
What is the value of 14 + 0 - (-361 + (630 - 309))?
54
4 - (-45 + (5 - -22))
22
Calculate -1 + (4 - 4 - -85) + -6.
78
What is the value of -53 - (-39 + 40 + -66)?
12
(-2 - 63) + (-450 - -472) - 9
-52
26 - (2 + 4 + (-4 - -19) + -13)
18
Calculate 15 - 15 - (3 + (-8 - 20)).
25
What is -56 + 118 + -25 + -13?
24
What is -4 + (0 - (3 - 3 - -4) - (4 - 49))?
37
Calculate 54 + 0 - (-18 + (3 - 19 - -35)).
53
What is 12 + 1 + (-28 + 20 + 13 - -8 - 26)?
0
Evaluate -11 - 10 - (-5 - 3) - (-5 - -21).
-29
33 + 62 - (-420 + 578)
-63
Evaluate -14 - -9 - ((-3 - 1) + -5 + 8 + -62).
58
-88 + 3 - -23 - (47 + -30)
-79
What is (-9 - -8) + (23 + -74 - -25)?
-27
What is the value of (2 - (2 + (-8 - 5))) + 9 + 6?
28
What is -24 + (22 - -19) - 14 - 7?
-4
Evaluate 40 - 150 - -189 - (-2 + -2 - -1 - 0).
82
What is 72 - (-28 - (-13 + 3) - (-64 - -28))?
54
Evaluate (-125 - -127) + (-8 + 4 + -2 - (51 + -49)).
-6
What is 0 + 115 + 3 - (1 + 2 + 109 + -106)?
112
5 + (-51 - (-42 + -80))
76
What is 83 - ((29 + -14 - (-15 + 14)) + -7)?
74
Calculate (34 - 33) + 3 + 125 - (-55 + 63).
121
Calculate -72 + 1 + -21 + 14 + -6 + 5.
-79
Calculate 115 + (-9 - (169 + -174 - (2 - 13))).
100
What is (67 - 57) + (3 + 2 + 41 - (3 + -7))?
60
What is 193 - 38 - 58 - 96?
1
What is (-22 - (-11 + 0 + 0 + 9)) + -12?
-32
What is the value of -4 + -8 - (-7 - 24 - -34)?
-15
Calculate (45 - (109 - -43)) + 94.
-13
What is (1 - 18) + (-56 - -18) + 28 - -15?
-12
What is -23 + -17 - (-1 + 6)?
-45
3 + -7 + -39 + -1 + 24 + -28
-48
(-53 - (27 + -5)) + 6
-69
Evaluate 6 + -12 - ((-2 - -2) + (-44 - -64)) - -3.
-23
What is -3 - (-5 - (-43 + -5)) - ((-18 - -35) + -18)?
-45
What is the value of -123 + -25 + -53 + 116?
-85
Evaluate 4 + (23 + 12 + 4 + 15 - (10 - 1)).
49
Calculate 6 - ((158 - 134) + -11 + 4 + 1 + -3).
-9
2 - (8 + -6 + (-6 - 1)) - (208 + -149)
-52
Evaluate (-6 - (-12 + 3 + 10)) + (28 - 29).
-8
Calculate -27 + 1 + (104 - 101) + 2 - 11 - -6.
-26
What is the value of 1 - (-3 - (12 + (1 - 6))) - (40 - 6)?
-23
Calculate (-16 - ((9 - 5) + -8) - -20) + 72 - 5.
75
13 - ((24 - 6) + 31)
-36
Evaluate (-20 + 12 - (11 - 3)) + 21 - (5 - 1).
1
Calculate -12 + 0 + -1 + (-5 - -1) + 14288 + -14222.
49
Evaluate 5 + (3 + 4 - (13 + -8)) + (-103 - -127).
31
Evaluate 77 - 62 - 56 - -139.
98
Evaluate -16 + (26 - (39 + -27)).
-2
What is -80 + 75 + 2 + 8?
5
(5 - 2 - -52) + (-2187 - -2179)
47
What is 8 + -66 + 66 + 27 + -3?
32
What is the value of 17 + (8 + -8 - (21 - (27 - 10)))?
13
(-78 - 27 - -49) + 15 - (6 - 0)
-47
Evaluate (-1 - (3 - 1 - (247 - 230))) + 42.
56
What is -26 + 1 + (67 + -45 - -11)?
8
What is 56 + -1 - (0 - ((11 - 0) + -18 + 5))?
53
Evaluate 0 + 1 - -1 - -35 - (202 - (-92 - -307)).
50
What is the value of (2 - -59 - (1 - -3)) + -71 + (-37 - -121)?
70
1 + 43 + (-161 - -61)
-56
What is the value of -48 - (-19 - -22 - 0)?
-51
What is the value of (5 - (-1 + -2 + 2)) + (572 + -662 - 1)?
-85
Calculate 1 + (-2 + 3 + (5 - -8) - 9) + -10.
-4
What is the value of 30 - -2 - (-813 + 885)?
-40
What is the value of -51 + -8 - (0 + 13 + -24)?
-48
91 - 35 - ((2 - 2) + (1 - -3))
52
What is (-137 - (87 + -136)) + 12?
-76
Evaluate -32 - (4 - 19 - ((-2 - (-3 + 2)) + -11)).
-29
Calculate -20 - -17 - 0 - (0 + 62 + 1) - -5.
-61
What is -24 + (-4 - (9 + -5)) + 24 + (0 - 8)?
-16
(-101 - 25) + (5 - -64)
-57
What is the value of -1 + 4 + 11 + -29 + 8 + 11?
4
What is -25 + 9 + (-1 - (3 - -20))?
-40
Evaluate (-7 - 0) + -429 + 414 - -55.
